f) = f + 1. Let j be ((-1)/(-4) - 0) + (-100)/16. Give d(j).
-5
Let a = 121 - 99. Suppose 4*n = 2*j - 0*j - a, 5*n + 5*j + 65 = 0. Let k(x) = -x**2 - 11*x - 10. Determine k(n).
14
Suppose -3*q - 7 = 4*y - 40, -4*q = 4*y - 36. Suppose -3*b = -0*b + 3. Let h = b + y. Let a(u) = -u + 4. What is a(h)?
-1
Suppose 12*p = 14*p + 8, k - 19 = p. Let u(l) = -l**2 + 15*l + 3. Give u(k).
3
Let g(b) = b**3 + b**2 + b. Let c(s) = 4*s**3 + s**2 + 2*s - 6. Let u(p) = -c(p) + 5*g(p). Let n = 383 + -387. Give u(n).
-6
Let i(x) = x**2 - 29. Let c be (-4 + (10 - 5))*0. What is i(c)?
-29
Let s(c) = -21*c - 13. Let g(f) = -8*f - 6. Let b(y) = 5*g(y) - 2*s(y). What is b(6)?
8
Let b(i) be the first derivative of -i**2/2 - 4*i + 294. Determine b(5).
-9
Let t(q) = -q - 39. Let u(r) = r - 1. Let z(h) = -t(h) - 4*u(h). Let x be z(13). Let p(c) = c - 8. Give p(x).
-4
Let m(d) be the first derivative of 1/4*d**4 + 2/3*d**3 + 5*d - 23 - 3/2*d**2. Determine m(-4).
-15
Suppose 22*l = 21*l - f - 2, 3*l - f + 10 = 0. Let z(a) = -2*a**2 - 18 - 2 + a**2 + 5*a**3. Let j(s) = 2*s**3 - 7. Let c(y) = -8*j(y) + 3*z(y). Give c(l).
-4
Let o(d) = -d**2 - 8*d - 5. Suppose k = 2*q - 4, -7 = -5*k + 5*q - 4*q. Let g be (-238)/(-51)*k/(8/(-6)). What is o(g)?
2
Let l(b) = -15*b**2 - 5*b**2 + 5 + 5*b - 14*b**2 + 33*b**2. Calculate l(5).
5
Let x(s) = -2*s - 1. Let u = 1414 + -1417. Calculate x(u).
5
Let q(s) = s**2 - 9*s + 7. Let m(k) = -9*k + 71. Let c be m(7). What is q(c)?
-1
Let z be 6/(-14)*(5 + -12). Suppose -o + 4*q + 0*q + 20 = 0, 15 = -z*q. Let u(y) be the third derivative of -y**4/24 + 5*y**3/6 + y**2. What is u(o)?
5
Suppose -43 = 3*m - 28. Let o be (m + 1)*27/18. Let k(a) = -a**3 - 7*a**2 - 4*a - 7. What is k(o)?
-19
Let k(c) = -c**2 - 5*c - 1. Suppose -2 = -5*o - 22, -5*o + 38 = -a. Let i = -62 - a. Determine k(i).
3
Let s(a) = 4*a**2 - 11*a**2 - 2*a**2 - a**2. What is s(-1)?
-10
Let u be 54/(-5)*(-30)/(-9). Let a = -28 - u. Let t(i) = 4. Let d(n) = -n. Let b(j) = -d(j) - t(j). Calculate b(a).
4
Let o(h) = 4*h**3 - 7*h**2 - 5*h - 6. Let c be (2 - (-2 - -1)) + 2. Let w(y) = -5*y**3 + 8*y**2 + 6*y + 7. Let j(r) = c*w(r) + 6*o(r). Give j(-2).
-1
Let l(r) = -r**2 - 1. Let g be 270/65 - 4 - 2734/26. Let u = -108 - g. Give l(u).
-10
Let b(j) = -j**2 - 11*j + 127. Let o be b(7). Let h(x) = -8*x + 1. Give h(o).
-7
Let f(o) = -25*o. Let t(p) = -p - 5. Suppose 5*g = -24 + 4. Let l be t(g). Determine f(l).
25
Let t(h) = -9*h. Suppose -16 + 0 = -2*n. Suppose 2*a + g = n, -2*g + 18 = 5*a + g. Suppose 0 = -2*s + a*s - 4. Calculate t(s).
-9
Let t(o) = -o**2 - 11*o - 2. Let g be (-94)/8 - 60/(-80). What is t(g)?
-2
Suppose f + 7 = 4*h - 3, -19 = -2*f - 5*h. Let c(p) = -p**3 - 10*p**2 - 5 + f + 7*p**2. What is c(-3)?
-3
Let d(b) be the third derivative of -b**6/120 - 2*b**5/15 - 2*b**3/3 - 12*b**2. Let i be d(-8). Let n(o) = -o**2 - 3*o - 5. Give n(i).
-9
Suppose -k + 1 = -3*q - 3, -2*k = -2*q. Suppose 5*w - 23 = o, -o = w - 1 - 6. Let j(i) = -i**2 - 2*i + o*i**2 - 1 + i. What is j(q)?
5
Let g(f) = 2*f**2 + 84*f + 160. Let j be g(-40). Let i(a) = a**3 + a - 15. Give i(j).
-15
Let w = 22 - 16. Let s(c) = w*c**2 + 1 - 5*c**2 + 8*c**3 - 2 - c + 2. Determine s(1).
9
Let d(v) = 2*v - 7. Let t be d(5). Let p(m) = -m + 2. Let q(f) = f**2 - 10*f + 20. Let r(b) = 9*p(b) - q(b). What is r(t)?
-8
Let b(t) = t**2 - t + 4. Let p(j) = j**2 + j - 3. Let x be p(2). Suppose -4*m + 9 + x = 0. Suppose 3*i - 7 = -0*i - 2*r, 4*r = -m*i + 5. Calculate b(i).
10
Let a(n) be the second derivative of n**4/24 - n**3/2 + 9*n**2/2 + 22*n. Let j(b) be the first derivative of a(b). Calculate j(4).
1
Let z(j) = -16*j**2 + 17*j - 22. Let k(x) = -7*x**2 + 8*x - 9. Let p(n) = 7*k(n) - 3*z(n). Calculate p(8).
-21
Let s = 189 - 180. Let i(r) = -r**3 + 9*r**2 + 1. Give i(s).
1
Let z = 21 - 19. Let a be 36/10 + 8/20. Let g(q) = -3*q**2 + 4 - 8*q + a*q**2 + z + 0*q**2. Calculate g(7).
-1
Let n(a) = -4*a + 19. Let j(w) = 8*w - 38. Let x(u) = -3*j(u) - 5*n(u). Let b be x(6). Let o(g) = -g + 3*g - 3*g + 4 + 3*g. Calculate o(b).
-6
Suppose 108 + 92 = -50*j. Let m(i) = i**3 + 4*i**2 + 2*i. Give m(j).
-8
Let p(l) = 3*l**2 - 39*l**3 - 44*l**3 - 43*l**3 - 40*l**3 - 2 + 165*l**3 + 4*l. Give p(4).
-2
Let c(v) = -v + 2. Suppose h - j + 6 - 12 = 0, 9 = -h - 2*j. Calculate c(h).
1
Let g(c) be the second derivative of -c**4/12 - 3*c**3/2 - 5*c**2/2 + 3*c - 16. Give g(-8).
3
Let c(x) = -x**3 + 6*x**2 - 4*x - 1. Let i(g) = 6 - 10 - g + 0 + 0. Let s be i(-5). Let v be (50/(-20))/(s/(-2)). Determine c(v).
4
Let t(y) = y**2 + 5*y + 6. Suppose -4*q = q - 40. Suppose q = -6*a + 8*a. Suppose 2*s = a*s + 10. Give t(s).
6
Let b(t) = 4*t - 5. Let n be b(5). Let o = n + -12. Let p(j) = -j**2 - j + 4. Determine p(o).
-8
Let p be (-17 - 0) + 111 + -117. Let t(d) = d**2 + 22*d - 13. What is t(p)?
10
Let s = -78 - -80. Let f(u) = 0*u - 7*u**s + u**3 - 3*u**2 - 3*u + 11*u**2 - 3. What is f(-3)?
-12
Let o(h) = -21*h - 2. Let g(c) = -18*c - 2. Let d(b) = -5*g(b) + 4*o(b). Determine d(1).
8
Let m be 33/7 - (-6)/21. Let c(k) be the third derivative of -k**4/8 + 7*k**3/6 - 22*k**2 + 27*k. Give c(m).
-8
Let r(k) = 4*k**2 + 5*k + 11. Let g be (-81)/15 - 8/(-20). Let o(n) = 2*n**2 + 2*n + 6. Let b(f) = g*o(f) + 3*r(f). Determine b(-3).
6
Let a(y) = 8*y - 27*y**3 - 15*y**2 + 60*y**3 - 1 - 32*y**3 + 6*y. Determine a(14).
-1
Let c(y) = -2*y**2 - 10*y - 2. Suppose j - m + 4*m + 10 = 0, -10 = 5*j - 5*m. Calculate c(j).
6
Let z(w) = 11*w + 1. Let g be z(1). Suppose 6*x - g*x - 6 = 0. Let d(c) = 3*c. Calculate d(x).
-3
Suppose 56 = 7*c + 21. Let n(i) = i**2 - 5*i - 5. Calculate n(c).
-5
Suppose -h - 9*h + 160 = 0. Suppose 0*l - h = 4*l. Let a(t) = 2*t**2 + 7*t + 4. Determine a(l).
8
Let l(q) be the third derivative of q**5/20 - 3*q**4/4 + 3*q**3/2 + 5*q**2. Let u(x) = -x**2 + 6*x - 3. Let w(o) = -2*l(o) - 7*u(o). What is w(2)?
-5
Let r(g) = -9*g - 12. Let j be r(-5). Suppose j*q + 8 = 34*q. Let c(v) = -v**2 + 7*v + 8. Determine c(q).
0
Let h(a) = -a**2 + 7*a + 1. Suppose 4*x - 12 = -2*l - 0*x, l - 3*x - 11 = 0. Determine h(l).
-7
Let h = -2338 - -2364. Let w(g) = g - 23. Determine w(h).
3
Let k = 11 - 1. Suppose -k*n + 6 = -13*n. Let w(g) be the third derivative of g**4/24 + 2*g**2. Determine w(n).
-2
Let d = -23 + 25. Let x(b) = 8*b + 1. Let n(j) = -j - 1. Let g(o) = d*x(o) + 14*n(o). Calculate g(8).
4
Let y(v) = 2*v**2 - 2*v - 1. Suppose 2*k - 2*q = 2*q + 12, 5*q + 16 = 3*k. Suppose r + 9 = -4*c, c + 3 = -2*r - k*c. Give y(r).
11
Let q = -40 + 44. Let s(x) = 12*x**3 + 4*x**2 + q - 4*x**3 - 7*x**3 - 6*x. Give s(-5).
9
Let b(y) = -y**3 + 2*y. Suppose -138*a = -131*a - 14. Determine b(a).
-4
Let o = -2 + 5. Suppose o*n - y - 11 = 0, 3*n - y - 3 = 4*n. Let b(v) = v - 3 - 5*v - v**2 - n. Give b(-4).
-5
Suppose -4*m = 20, -2*p - 25 = -7*p - m. Let f(t) = 7*t**2 + 11*t + 8. Let u(o) = 20*o**2 + 32*o + 23. Let a(h) = p*u(h) - 17*f(h). What is a(-5)?
2
Suppose 4*a + 0*a = 20. Let i(v) = 5*v - 4 + 5*v - a*v - 2*v. What is i(3)?
5
Let f be (-52)/(-208) + 1/((-4)/25). Let m(p) = p**2 + 7*p - 4. Calculate m(f).
-10
Let z(k) be the second derivative of k**4/24 - k**3/2 - 47*k**2/2 + 52*k. Let o(q) be the first derivative of z(q). Calculate o(-2).
-5
Let d(f) be the first derivative of f + 1/3*f**3 + 3/2*f**2 + 7. Calculate d(-3).
1
Let z(x) be the first derivative of -x**5/20 - 5*x**4/12 + 5*x**3/6 - 3*x**2 + x - 14. Let p(i) be the first derivative of z(i). What is p(-6)?
0
Let w(y) = -y**3 + 10*y**2 - y + 14. Suppose k = -0*k + 5*i + 13, -k - i = -19. Suppose -150 = 3*a - k*a. Determine w(a).
4
Let s(q) = q - 3*q + 5*q - 2*q - 2. Let u(x) = -x**3 + 2*x**2 + 21*x + 2. Let w be u(0). What is s(w)?
0
Let f = -858 - -853. Let d(l) = 4*l + 13. Determine d(f).
-7
Let i(v) = 2*v - 1. Let t(x) = -7*x + 23. Suppose 0 = -5*u - 18 + 33. Let a be t(u). Calculate i(a).
3
Let i(p) = 4*p - 2. Let h = 41 + -41. Suppose h = b + 5*j - 12, 2*b + 0*b + 2*j = 8. Calculate i(b).
6
Let i be (6/(-6))/((-2)/10*-1). Let y(z) = -z**3 - 6*z**2 - 3*z - 7. What is y(i)?
-17
Let d(l) be the second derivative of l**4/12 + 4*l**3/3 + 3*l**2/2 - 28*l - 1. Suppose 3*p = 2*o - o - 23, 4*o - 22 = 2*p. What is d(p)?
-4
Let g(k) = k**3 + 15*k - 2*k**3 - 4*k**2 + 0*k - 5*k - 6*k**2 - 11. Give g(-11).
0
Suppose 5 = q, -q = -2*z 